{"id":553,"date":"2024-08-20T21:18:09","date_gmt":"2024-08-21T00:18:09","guid":{"rendered":"https:\/\/fhupiloto.unse.edu.ar\/?page_id=553"},"modified":"2024-09-16T10:44:36","modified_gmt":"2024-09-16T13:44:36","slug":"equipo-editorial","status":"publish","type":"page","link":"https:\/\/revistacifra.fhu.unse.edu.ar\/index.php\/equipo-editorial\/","title":{"rendered":"Equipo editorial"},"content":{"rendered":"\t\t<div data-elementor-type=\"wp-page\" data-elementor-id=\"553\" class=\"elementor elementor-553\" data-elementor-post-type=\"page\">\n\t\t\t\t\t\t<section class=\"elementor-section elementor-top-section elementor-element elementor-element-5e78988 elementor-section-content-top elementor-section-boxed elementor-section-height-default elementor-section-height-default wpr-particle-no wpr-jarallax-no wpr-parallax-no wpr-sticky-section-no\" data-id=\"5e78988\" data-element_type=\"section\" data-settings=\"{&quot;background_background&quot;:&quot;classic&quot;}\">\n\t\t\t\t\t\t<div class=\"elementor-container elementor-column-gap-no\">\n\t\t\t\t\t<div class=\"elementor-column elementor-col-100 elementor-top-column elementor-element elementor-element-459bc19\" data-id=\"459bc19\" data-element_type=\"column\">\n\t\t\t<div class=\"elementor-widget-wrap elementor-element-populated\">\n\t\t\t\t\t\t<div class=\"elementor-element elementor-element-411ce95 elementor-widget elementor-widget-spacer\" data-id=\"411ce95\" data-element_type=\"widget\" data-widget_type=\"spacer.default\">\n\t\t\t\t<div class=\"elementor-widget-container\">\n\t\t\t<style>\/*! elementor - v3.23.0 - 05-08-2024 *\/\n.elementor-column .elementor-spacer-inner{height:var(--spacer-size)}.e-con{--container-widget-width:100%}.e-con-inner>.elementor-widget-spacer,.e-con>.elementor-widget-spacer{width:var(--container-widget-width,var(--spacer-size));--align-self:var(--container-widget-align-self,initial);--flex-shrink:0}.e-con-inner>.elementor-widget-spacer>.elementor-widget-container,.e-con>.elementor-widget-spacer>.elementor-widget-container{height:100%;width:100%}.e-con-inner>.elementor-widget-spacer>.elementor-widget-container>.elementor-spacer,.e-con>.elementor-widget-spacer>.elementor-widget-container>.elementor-spacer{height:100%}.e-con-inner>.elementor-widget-spacer>.elementor-widget-container>.elementor-spacer>.elementor-spacer-inner,.e-con>.elementor-widget-spacer>.elementor-widget-container>.elementor-spacer>.elementor-spacer-inner{height:var(--container-widget-height,var(--spacer-size))}.e-con-inner>.elementor-widget-spacer.elementor-widget-empty,.e-con>.elementor-widget-spacer.elementor-widget-empty{position:relative;min-height:22px;min-width:22px}.e-con-inner>.elementor-widget-spacer.elementor-widget-empty .elementor-widget-empty-icon,.e-con>.elementor-widget-spacer.elementor-widget-empty .elementor-widget-empty-icon{position:absolute;top:0;bottom:0;left:0;right:0;margin:auto;padding:0;width:22px;height:22px}<\/style>\t\t<div class=\"elementor-spacer\">\n\t\t\t<div class=\"elementor-spacer-inner\"><\/div>\n\t\t<\/div>\n\t\t\t\t<\/div>\n\t\t\t\t<\/div>\n\t\t\t\t<div class=\"elementor-element elementor-element-3f242e4 elementor-widget__width-initial elementor-widget elementor-widget-elementskit-heading\" data-id=\"3f242e4\" data-element_type=\"widget\" data-widget_type=\"elementskit-heading.default\">\n\t\t\t\t<div class=\"elementor-widget-container\">\n\t\t\t<div class=\"ekit-wid-con\" ><div class=\"ekit-heading elementskit-section-title-wraper text_left   ekit_heading_tablet-   ekit_heading_mobile-\"><h1 class=\"ekit-heading--title elementskit-section-title \">Equipo editorial<\/h1><div class=\"ekit_heading_separetor_wraper ekit_heading_elementskit-border-divider\"><div class=\"elementskit-border-divider\"><\/div><\/div>\t\t\t\t<div class='ekit-heading__description'>\n\t\t\t\t\t<h5><b>Director<\/b><\/h5>\n<p><span style=\"font-weight: 400\">Mg. Ram\u00f3n Esteban Chaparro (FHCSyS - Universidad Nacional de Santiago del Estero)<\/span><\/p>\n<p>\u00a0<\/p>\n<h5><b>Consejo de Redacci\u00f3n<\/b><\/h5>\n<p><span style=\"font-weight: 400\">Mg. Susana Alonso (FHCSyS - Universidad Nacional de Santiago del Estero)<\/span><\/p>\n<p><span style=\"font-weight: 400\">Mg. Ram\u00f3n Esteban Chaparro (FHCSyS - Universidad Nacional de Santiago del Estero)<\/span><\/p>\n<p><span style=\"font-weight: 400\">Lic. Javier Costa (FHCSyS - Universidad Nacional de Santiago del Estero)<\/span><\/p>\n<p><span style=\"font-weight: 400\">Abog. F\u00e9lix Demasi (FHCSyS - Universidad Nacional de Santiago del Estero)<\/span><\/p>\n<p><span style=\"font-weight: 400\">Lic. Mariela Santill\u00e1n (FHCSyS - Universidad Nacional de Santiago del Estero)<\/span><\/p>\n<p>\u00a0<\/p>\n<h5><b>Secretar\u00eda de Consejo de Redacci\u00f3n<\/b><\/h5>\n<p><span style=\"font-weight: 400\">Abog. F\u00e9lix Demasi (FHCSyS - Universidad Nacional de Santiago del Estero)<\/span><\/p>\n<p>\u00a0<\/p>\n<h5><b>Consejo Editorial<\/b><\/h5>\n<p><span style=\"font-weight: 400\">Mg. Susana Alonso (FHCSyS - Universidad Nacional de Santiago del Estero)<\/span><\/p>\n<p><span style=\"font-weight: 400\">Lic. Sergio Bolesso (FHCSyS - Universidad Nacional de Santiago del Estero)<\/span><\/p>\n<p><span style=\"font-weight: 400\">Lic. Javier Costa (FHCSyS - Universidad Nacional de Santiago del Estero)<\/span><\/p>\n<p><span style=\"font-weight: 400\">Abog. F\u00e9lix Demasi (FHCSyS - Universidad Nacional de Santiago del Estero)<\/span><\/p>\n<p><span style=\"font-weight: 400\">Lic. Nadia Hoyos (FHCSyS - Universidad Nacional de Santiago del Estero)<\/span><\/p>\n<p><span style=\"font-weight: 400\">Lic. Marcela Ju\u00e1rez (FHCSyS - Universidad Nacional de Santiago del Estero)<\/span><\/p>\n<p><span style=\"font-weight: 400\">Dr. Catriel Le\u00f3n (FHCSyS - Universidad Nacional de Santiago del Estero)<\/span><\/p>\n<p><span style=\"font-weight: 400\">Mg. Malvina Lobos (FHCSyS - Universidad Nacional de Santiago del Estero)<\/span><\/p>\n<p><span style=\"font-weight: 400\">Mg. M\u00f3nica Mart\u00ednez (FHCSyS - Universidad Nacional de Santiago del Estero)<\/span><\/p>\n<p><span style=\"font-weight: 400\">Lic. Mariela Santill\u00e1n (FHCSyS - Universidad Nacional de Santiago del Estero)<\/span><\/p>\n<p><span style=\"font-weight: 400\">Dr. Lucas Torres (FHCSyS - Universidad Nacional de Santiago del Estero)<\/span><\/p>\n<p><span style=\"font-weight: 400\">Lic. Francisco Yocca (FHCSyS - Universidad Nacional de Santiago del Estero)<\/span><\/p>\n<p>\u00a0<\/p>\n<h5><b>Consejo Acad\u00e9mico<\/b><\/h5>\n<p><span style=\"font-weight: 400\">Dra. Mar\u00eda Amelia Arancet Ruda (UCA)<\/span><\/p>\n<p><span style=\"font-weight: 400\">Dra. Mar\u00eda Cristina Dalmagro (UNC)<\/span><\/p>\n<p><span style=\"font-weight: 400\">Dra. Raquel Guzm\u00e1n (UNSa)<\/span><\/p>\n<p><span style=\"font-weight: 400\">Dr. Antonio Kinen (UNSE)<\/span><\/p>\n<p><span style=\"font-weight: 400\">Dra. Liliana Massara (UNT)<\/span><\/p>\n<p><span style=\"font-weight: 400\">Dra. Hebe Molina (UNCuyo)<\/span><\/p>\n<p><span style=\"font-weight: 400\">Dra. Ruth Ramasco (UNT)<\/span><\/p>\n<p><span style=\"font-weight: 400\">Dr. Eduardo Romano (UBA)<\/span><\/p>\n<p>\u00a0<\/p>\n<h5><b>Correcci\u00f3n de estilo<\/b><\/h5>\n<p><span style=\"font-weight: 400\">Lic. Gabriela Amarilla (FHCSyS - Universidad Nacional de Santiago del Estero)<\/span><\/p>\n\t\t\t\t<\/div>\n\t\t\t<\/div><\/div>\t\t<\/div>\n\t\t\t\t<\/div>\n\t\t\t\t\t<\/div>\n\t\t<\/div>\n\t\t\t\t\t<\/div>\n\t\t<\/section>\n\t\t\t\t<\/div>\n\t\t","protected":false},"excerpt":{"rendered":"<p>Equipo editorial Director Mg. Ram\u00f3n Esteban Chaparro (FHCSyS &#8211; Universidad Nacional de Santiago del Estero) \u00a0 Consejo de Redacci\u00f3n Mg. Susana Alonso (FHCSyS &#8211; Universidad Nacional de Santiago del Estero) Mg. Ram\u00f3n Esteban Chaparro (FHCSyS &#8211; Universidad Nacional de Santiago del Estero) Lic. Javier Costa (FHCSyS &#8211; Universidad Nacional de Santiago del Estero) Abog. F\u00e9lix Demasi (FHCSyS &#8211; Universidad Nacional de Santiago del Estero) Lic. Mariela Santill\u00e1n (FHCSyS &#8211; Universidad Nacional de Santiago del Estero) \u00a0 Secretar\u00eda de Consejo de Redacci\u00f3n Abog. F\u00e9lix Demasi (FHCSyS &#8211; Universidad Nacional de Santiago del Estero) \u00a0 Consejo Editorial Mg. Susana Alonso (FHCSyS &#8211; Universidad Nacional de Santiago del Estero) Lic. Sergio Bolesso (FHCSyS &#8211; Universidad Nacional de Santiago del Estero) Lic. Javier Costa (FHCSyS &#8211; Universidad Nacional de Santiago del Estero) Abog. F\u00e9lix Demasi (FHCSyS &#8211; Universidad Nacional de Santiago del Estero) Lic. Nadia Hoyos (FHCSyS &#8211; Universidad Nacional de Santiago del Estero) Lic. Marcela Ju\u00e1rez (FHCSyS &#8211; Universidad Nacional de Santiago del Estero) Dr. Catriel Le\u00f3n (FHCSyS &#8211; Universidad Nacional de Santiago del Estero) Mg. Malvina Lobos (FHCSyS &#8211; Universidad Nacional de Santiago del Estero) Mg. M\u00f3nica Mart\u00ednez (FHCSyS &#8211; Universidad Nacional de Santiago del Estero) Lic. Mariela Santill\u00e1n (FHCSyS &#8211; Universidad Nacional de Santiago del Estero) Dr. Lucas Torres (FHCSyS &#8211; Universidad Nacional de Santiago del Estero) Lic. Francisco Yocca (FHCSyS &#8211; Universidad Nacional de Santiago del Estero) \u00a0 Consejo Acad\u00e9mico Dra. Mar\u00eda Amelia Arancet Ruda (UCA) Dra. Mar\u00eda Cristina Dalmagro (UNC) Dra. Raquel Guzm\u00e1n (UNSa) Dr. Antonio Kinen (UNSE) Dra. Liliana Massara (UNT) Dra. Hebe Molina (UNCuyo) Dra. Ruth Ramasco (UNT) Dr. Eduardo Romano (UBA) \u00a0 Correcci\u00f3n de estilo Lic. Gabriela Amarilla (FHCSyS &#8211; Universidad Nacional de Santiago del Estero)<\/p>\n","protected":false},"author":3,"featured_media":0,"parent":0,"menu_order":0,"comment_status":"closed","ping_status":"closed","template":"","meta":{"_eb_attr":"","site-sidebar-layout":"no-sidebar","site-content-layout":"page-builder","ast-site-content-layout":"full-width-container","site-content-style":"default","site-sidebar-style":"default","ast-global-header-display":"","ast-banner-title-visibility":"","ast-main-header-display":"","ast-hfb-above-header-display":"","ast-hfb-below-header-display":"","ast-hfb-mobile-header-display":"","site-post-title":"disabled","ast-breadcrumbs-content":"","ast-featured-img":"disabled","footer-sml-layout":"","theme-transparent-header-meta":"","adv-header-id-meta":"","stick-header-meta":"","header-above-stick-meta":"","header-main-stick-meta":"","header-below-stick-meta":"","astra-migrate-meta-layouts":"set","ast-page-background-enabled":"default","ast-page-background-meta":{"desktop":{"background-color":"var(--ast-global-color-4)","background-image":"","background-repeat":"repeat","background-position":"center center","background-size":"auto","background-attachment":"scroll","background-type":"","background-media":"","overlay-type":"","overlay-color":"","overlay-opacity":"","overlay-gradient":""},"tablet":{"background-color":"","background-image":"","background-repeat":"repeat","background-position":"center center","background-size":"auto","background-attachment":"scroll","background-type":"","background-media":"","overlay-type":"","overlay-color":"","overlay-opacity":"","overlay-gradient":""},"mobile":{"background-color":"","background-image":"","background-repeat":"repeat","background-position":"center center","background-size":"auto","background-attachment":"scroll","background-type":"","background-media":"","overlay-type":"","overlay-color":"","overlay-opacity":"","overlay-gradient":""}},"ast-content-background-meta":{"desktop":{"background-color":"var(--ast-global-color-5)","background-image":"","background-repeat":"repeat","background-position":"center center","background-size":"auto","background-attachment":"scroll","background-type":"","background-media":"","overlay-type":"","overlay-color":"","overlay-opacity":"","overlay-gradient":""},"tablet":{"background-color":"var(--ast-global-color-5)","background-image":"","background-repeat":"repeat","background-position":"center center","background-size":"auto","background-attachment":"scroll","background-type":"","background-media":"","overlay-type":"","overlay-color":"","overlay-opacity":"","overlay-gradient":""},"mobile":{"background-color":"var(--ast-global-color-5)","background-image":"","background-repeat":"repeat","background-position":"center center","background-size":"auto","background-attachment":"scroll","background-type":"","background-media":"","overlay-type":"","overlay-color":"","overlay-opacity":"","overlay-gradient":""}},"footnotes":""},"class_list":["post-553","page","type-page","status-publish","hentry"],"_links":{"self":[{"href":"https:\/\/revistacifra.fhu.unse.edu.ar\/index.php\/wp-json\/wp\/v2\/pages\/553","targetHints":{"allow":["GET"]}}],"collection":[{"href":"https:\/\/revistacifra.fhu.unse.edu.ar\/index.php\/wp-json\/wp\/v2\/pages"}],"about":[{"href":"https:\/\/revistacifra.fhu.unse.edu.ar\/index.php\/wp-json\/wp\/v2\/types\/page"}],"author":[{"embeddable":true,"href":"https:\/\/revistacifra.fhu.unse.edu.ar\/index.php\/wp-json\/wp\/v2\/users\/3"}],"replies":[{"embeddable":true,"href":"https:\/\/revistacifra.fhu.unse.edu.ar\/index.php\/wp-json\/wp\/v2\/comments?post=553"}],"version-history":[{"count":25,"href":"https:\/\/revistacifra.fhu.unse.edu.ar\/index.php\/wp-json\/wp\/v2\/pages\/553\/revisions"}],"predecessor-version":[{"id":1187,"href":"https:\/\/revistacifra.fhu.unse.edu.ar\/index.php\/wp-json\/wp\/v2\/pages\/553\/revisions\/1187"}],"wp:attachment":[{"href":"https:\/\/revistacifra.fhu.unse.edu.ar\/index.php\/wp-json\/wp\/v2\/media?parent=553"}],"curies":[{"name":"wp","href":"https:\/\/api.w.org\/{rel}","templated":true}]}}